 + 2*b - 7. What are the prime factors of x(-4)?
3
Let x be ((-74)/6)/(3/(-9)). Let s be x/3*(5 - 2). Suppose s - 7 = 3*y. List the prime factors of y.
2, 5
Suppose -3*a = -5*n + 1, -a + 2*a - 5*n + 7 = 0. Suppose l + 3 = -a*u, 9 = 2*u - 0*l - 3*l. Suppose u = -2*y - 0*y + 20. List the prime factors of y.
2, 5
Let p = 131 + 56. What are the prime factors of p?
11, 17
Let l(p) = -1 + 0 - 4*p - 1. Let a = 11 + -13. What are the prime factors of l(a)?
2, 3
Let r = 13 + 1. List the prime factors of r.
2, 7
Let t(v) = v**2 - 9*v + 10. List the prime factors of t(8).
2
Let r be 56*(2 - 5 - -2). Let j = r - -87. What are the prime factors of j?
31
What are the prime factors of 98/2 + -2 - 0?
47
Let m(w) = w**2 - w + 14. List the prime factors of m(6).
2, 11
What are the prime factors of -3 + 6 + 8/4?
5
Suppose -160 = -4*k + 4*g, g = 2*k - 72 - 9. What are the prime factors of k?
41
Suppose 6*j - 4*j = 142. List the prime factors of j.
71
Suppose 0 = -6*k + 5*k + 47. List the prime factors of k.
47
Suppose l = -2*y + 6*l + 106, 2*l = -2*y + 78. List the prime factors of y.
43
Let c be ((-6)/18)/(1/(-9)). Suppose 2*f - c*f = -35. What are the prime factors of f?
5, 7
Let y(r) = r - 1. Let w be y(3). Let l be (w + -3)*(0 + -18). Suppose 0*h - 2*h = -l. List the prime factors of h.
3
Let l(h) = h**3 + h**2 - 2*h. Let y be l(-2). Suppose -2*a + 8 = 0, -4*k - 2*a - 10 - 62 = y. Let x = 32 + k. List the prime factors of x.
2, 3
Suppose 3*y = 7*y + 5*s - 56, -52 = -4*y - 4*s. List the prime factors of y.
3
Let d(k) = k + 7. Let b be (1 - -4)*(-6)/6. What are the prime factors of d(b)?
2
Suppose 5*s = -3*r + 13, 0*r = s - 2*r - 13. Suppose 6*i - i + s = 0. List the prime factors of (12/(-20))/(i/5).
3
Suppose -3*f + 29 = -2*c, -3*f + 7*f = 2*c + 42. List the prime factors of (f*(3 + -4))/(-1).
13
Let n(y) = -y**3 - 12*y**2 - 10*y - 23. List the prime factors of n(-12).
97
Suppose 11*j - 10*j - 47 = 0. List the prime factors of j.
47
List the prime factors of (-137 + (3 - 4))/((-15)/20).
2, 23
Let n be ((-6)/5)/(2/(-5)). Suppose -w - v = -3*w + 10, 3*v - 14 = -5*w. Suppose -5*o = -l + 26, l - n*o - 42 = -w*l. List the prime factors of l.
2, 3
Suppose 3*g - 4 + 16 = 0, -5*z = 3*g - 28. What are the prime factors of z?
2
Let g(t) = -t**2 - 6*t - 5. Let b be g(-4). Suppose -4 = b*o + 5*a, a + 0 = -2. Suppose 2*v + o*c = -2, 3*v - 4*c - 29 = -4. What are the prime factors of v?
3
Suppose -o + 4*j = o - 68, 3*o - 4*j = 102. What are the prime factors of o?
2, 17
Let h = -1 + 8. Suppose 5*r - h*r = -8. What are the prime factors of r?
2
Let b be (6 + (-2)/1)*3. Suppose 0 = p + 2*p - b. Suppose 0 = -k - p*k + 2*x + 30, -5*k = -x - 25. What are the prime factors of k?
2
Suppose -v + 3*v - 6 = 0. Suppose -3*q - 2*k = -7*k - 27, 0 = -v*q - 5*k + 27. What are the prime factors of q?
3
Suppose -2*i - 17 = -3*p - 4*i, -3*p + 4*i = -11. Suppose 0 = 10*y - p*y - 40. What are the prime factors of y?
2
Suppose 0*d + 3*d = -102. Let u = -26 - d. List the prime factors of u.
2
What are the prime factors of 1/(-4 - 228/(-56))?
2, 7
Suppose 0 = -5*g + 5*l - 40, -g + 3*l = g + 21. What are the prime factors of (-14)/((g + 0)/3)?
2, 7
Let b(p) = -p**2 - 6*p + 16. List the prime factors of b(-7).
3
Suppose -8*f - 540 + 1700 = 0. What are the prime factors of f?
5, 29
Suppose -3*r = -0*r - 4*m - 65, -2 = m. Suppose a - 2*a - 2*y + r = 0, 3*y = 5*a - 30. What are the prime factors of a?
3
Let u be (-93)/(-33) - (-4)/22. Let r(p) = 2*p - 1. Let o be r(u). Suppose o*l + 40 = 130. List the prime factors of l.
2, 3
Let w(v) = -v + 4. Let p be w(-13). Suppose 0*j = -3*r + 3*j + 96, r - p = 4*j. List the prime factors of r.
37
Let u(t) = -t**3 + 13*t**2 - 9*t - 9. Let b be u(12). Suppose 3*o - 3*r = 27 + b, 4*r - 26 = -3*o. What are the prime factors of o?
2, 7
Let r(v) = -20 + 0*v**2 + 17 + 5*v**2. What are the prime factors of r(-3)?
2, 3, 7
Suppose 3 = 3*w, -3*a - 4*w = -6 - 1. Let l(x) = 11*x**3 - x**2. List the prime factors of l(a).
2, 5
Let h(v) = v**2 - 13*v. What are the prime factors of h(14)?
2, 7
Let z(u) = 3*u - 4. List the prime factors of z(6).
2, 7
Let f = 129 + -71. List the prime factors of f.
2, 29
Let f = 47 + -14. List the prime factors of f.
3, 11
What are the prime factors of 7/(-2)*572/(-91)?
2, 11
Suppose -4*b + 3*b + 7 = 0. Let m(k) = -k + 9. List the prime factors of m(b).
2
List the prime factors of (-1)/(4/(-26*2)).
13
Let r be 1 + ((-1)/1 - 0). Let q be (-2 - r)/((-4)/8). List the prime factors of q/(8/(-5))*-6.
3, 5
Let l(d) = -16*d**3 - 5*d**2 - 3*d - 2. Let q(v) = 17*v**3 + 6*v**2 + 4*v + 3. Let i(u) = -4*l(u) - 3*q(u). What are the prime factors of i(1)?
2, 7
Suppose 0 = -5*k + 2*n + 506, 650 = 5*k + 2*n + 156. What are the prime factors of k?
2, 5
Let m = 85 + 192. List the prime factors of m.
277
Let n(k) = 14*k + 6. Let r be n(6). What are the prime factors of (-2)/(-9) - (-250)/r?
3
Let m(i) = -i - 3. Let p be m(-6). Suppose -t + 24 = p. List the prime factors of t.
3, 7
Let t(k) = k**2 - 4*k - 1. Let u be t(5). Suppose -5*v + 71 = -a, u*v + a = 62 + 2. What are the prime factors of v?
3, 5
Let w = 168 + -285. List the prime factors of 1/4 - w/12.
2, 5
Let g(l) = l**2 + l - 10. List the prime factors of g(-10).
2, 5
Let w(h) = -2*h - 3. Let k be w(-2). Suppose k = -2*n + 3. List the prime factors of -1 - (-1 - 2)*n.
2
Suppose -c - 364 = -3*n - 0*c, -5*c - 500 = -4*n. List the prime factors of n.
2, 3, 5
Let o = 20 + -10. Suppose 0 = f + f - 8. Suppose f = 4*p + 5*t + 1, -4*t = -3*p + o. List the prime factors of p.
2
Let u(m) be the first derivative of m**3/6 + m**2/2 - 2*m - 2. Let y(j) be the first derivative of u(j). List the prime factors of y(5).
2, 3
Suppose -4*w = -3*c - 22, 3*w - 2 = 5*w + 5*c. Let i(t) = t + 1. Let d be i(3). Suppose 2*m = w*m - d. List the prime factors of m.
2
Suppose -5 = i - 3*x, 3*i + 15 = -6*x + 2*x. Let g = -8 - i. List the prime factors of (-2 - -5)*(4 + g).
3
Suppose 6*a = 4*a + 68. List the prime factors of a.
2, 17
Let v(p) = -6*p - 5 + 4 + 2. List the prime factors of v(-1).
7
Let a = 2 + 1. Suppose 2*p = a*q - 3, -4*q = -p - 3*q - 1. Suppose p = -5*k + 87 - 27. What are the prime factors of k?
2, 3
Suppose i - 2*i = 0. Suppose -4*a + i*a + 88 = 0. List the prime factors of a.
2, 11
Suppose -48 = -4*j + 2*u + 3*u, -4*j = 5*u - 88. List the prime factors of j.
17
Let v(q) = -q**3 + 3*q**2 + 2*q - 1. Let d be v(3). Suppose d*y + 4*t = 55, 0 = 6*y - 3*y - 3*t - 6. What are the prime factors of y?
7
Suppose -2*n + 5 = -5. Let w(o) = -o**3 + 5*o**2 + 2*o + 5. List the prime factors of w(n).
3, 5
Suppose -4*o - 5*w = -496, o - 3*w - 121 = 3. List the prime factors of o.
2, 31
Suppose 1 = 2*g - 3. Suppose 4*p + g = 42. List the prime factors of p.
2, 5
Suppose -l - 5*d = l - 342, -4*l + 2*d + 732 = 0. List the prime factors of l.
181
Suppose -4*b + b = 0. Suppose p + b*p + 15 = 5*k, 4*k + 2*p = 26. Suppose -4*x + 44 = 3*i + x, -2*i - k*x + 32 = 0. What are the prime factors of i?
2
Let s(g) = -2*g + 3*g**2 + 3 - 5*g**2 + 3*g**2. Suppose 2*u = -u + 12. What are the prime factors of s(u)?
11
Suppose -2*h = -h - 4. Suppose -s + 3*w = 2, 2*s - h*s - 3*w + 32 = 0. List the prime factors of s.
2, 5
Suppose -3*k + 61 = -5*z, 0 = -2*k - 0*z + 2*z + 46. What are the prime factors of k?
3
Let a be (10/(-15))/(2/(-18)). Suppose 0 = -7*t + a*t + 22. What are the prime factors of t?
2, 11
Suppose g + 4*z - 34 = 0, -g + 34 = 2*g - 5*z. Suppose -2*j + g = j. What are the prime factors of j?
2, 3
Suppose -4*w + 18 = -3*n + 6, -n + 4*w - 12 = 0. Suppose -k - 4 = 0, 0 = -n*f - f + 3*k - 200. What are the prime factors of 1/(-4) - f/16?
13
Let p(w) = w**3 + 7*w**2 - 8*w. Let n be p(-8). Suppose j - 16 = -n*j. List the prime factors of j.
2
Suppose 4*j - 146 = -3*o, 3*j = 4*o + j - 158. List the prime factors of o.
2, 3, 7
Let f = 3 + 0. Let y(o) = 7*o - 2*o**f + o**3 + 0 - 7*o**2 + 3. What are the prime factors of y(-8)?
11
Let j = -9 + 13. Let k(d) = d**3 + 1 - j - 3*d**2 - d**3 - d**3. What are the prime factors of k(-4)?
13
Suppose 0 = -2*j + j. Suppose 0 = 5*p - n - 11 - 26, p - 2*n - 11 = j. What are the prime factors of p?
7
Let i(t) = -t**2 + t + 12. Let x(a) = -a**2 - 5*a - 1. Let j be x(-2). Suppose -n + 5 = -5*p, n + 0*n - j = 